me?
False
Is 358069 prime?
True
Is 750151 a composite number?
False
Is 62429 prime?
False
Is 3589 prime?
False
Is 856549 composite?
False
Is 979 prime?
False
Is 90469 prime?
True
Is 9237 a prime number?
False
Is 1813699 composite?
False
Is 7737 a composite number?
True
Is 127481 prime?
True
Is 5147 a composite number?
False
Is 9491 a prime number?
True
Is 12443 a prime number?
False
Is 11906 a prime number?
False
Is 112323 a composite number?
True
Is 61645 prime?
False
Is 9613 a composite number?
False
Is 17623 composite?
False
Is 493 a composite number?
True
Is 159259 a composite number?
True
Is 100883 a composite number?
True
Is 586289 prime?
False
Is 17203 a prime number?
True
Is 36739 composite?
False
Is 91687 a prime number?
False
Is 685939 a composite number?
False
Is 31343 a prime number?
False
Is 3153989 a composite number?
False
Is 183107 a prime number?
False
Is 4711 composite?
True
Is 658367 prime?
True
Is 67603 a prime number?
False
Is 587093 a prime number?
False
Is 25859 a prime number?
False
Is 58753 composite?
True
Is 69847 a composite number?
False
Is 493751 prime?
False
Is 9902 a composite number?
True
Is 100281 prime?
False
Is 37049 a composite number?
False
Is 47761 a composite number?
True
Is 161087 prime?
True
Is 6007 prime?
True
Is 205999 composite?
True
Is 15619 composite?
False
Is 1319 a composite number?
False
Is 71009 a composite number?
True
Is 460867 prime?
False
Is 787 a prime number?
True
Is 1097 composite?
False
Is 9677 prime?
True
Is 75314 composite?
True
Is 830923 a prime number?
True
Is 18035 a prime number?
False
Is 117229 a composite number?
True
Is 137069 composite?
True
Is 9829 a composite number?
False
Is 32479 prime?
True
Is 678893 composite?
True
Is 4297 a composite number?
False
Is 5981 composite?
False
Is 35671 composite?
False
Is 151205 a composite number?
True
Is 24899 prime?
False
Is 32933 a composite number?
False
Is 20639 composite?
False
Is 11911 prime?
False
Is 33703 a prime number?
True
Is 14213 composite?
True
Is 895529 a prime number?
True
Is 26791 a prime number?
False
Is 322169 composite?
False
Is 51589 a composite number?
True
Is 2999 a prime number?
True
Is 1847 composite?
False
Is 9029 a prime number?
True
Is 46853 a composite number?
False
Is 124291 prime?
True
Is 18319 prime?
False
Is 259 prime?
False
Is 77379 prime?
False
Is 44633 prime?
True
Is 4583 composite?
False
Is 871 a composite number?
True
Is 36493 a prime number?
True
Is 328961 a prime number?
True
Is 24317 prime?
True
Is 74131 a prime number?
True
Is 16427 prime?
True
Is 99887 a prime number?
False
Is 463733 composite?
True
Is 15859 a prime number?
True
Is 22871 a prime number?
True
Is 79535 a prime number?
False
Is 1952939 a prime number?
True
Is 888371 prime?
False
Is 19547 a composite number?
True
Is 93153 a prime number?
False
Is 93299 a prime number?
False
Is 3943 a prime number?
True
Is 20201 prime?
True
Is 5839 composite?
False
Is 765851 a composite number?
False
Is 1901 composite?
False
Is 199 prime?
True
Is 12763 prime?
True
Is 1263853 prime?
True
Is 35897 a composite number?
False
Is 331 prime?
True
Is 1993 a prime number?
True
Is 34807 composite?
False
Is 21313 composite?
False
Is 83969 prime?
True
Is 770617 a prime number?
False
Is 118717 a prime number?
True
Is 37399 composite?
True
Is 2666423 prime?
True
Is 15427 a prime number?
True
Is 2649241 a prime number?
False
Is 23533 a composite number?
True
Is 4745005 composite?
True
Is 14765 a prime number?
False
Is 12989 a prime number?
False
Is 1136467 prime?
False
Is 23531 composite?
False
Is 70289 composite?
False
Is 392669 a composite number?
False
Is 6697 composite?
True
Is 378629 composite?
False
Is 23267 a composite number?
True
Is 731351 a prime number?
False
Is 133 a composite number?
True
Is 123373 composite?
False
Is 58651 a composite number?
True
Is 18539 a composite number?
False
Is 33647 a composite number?
False
Is 58477 a composite number?
False
Is 16477 a prime number?
True
Is 9179 a prime number?
False
Is 14371 composite?
True
Is 977 prime?
True
Is 870767 a composite number?
True
Is 73727 a prime number?
True
Is 21547 a composite number?
True
Is 9271 a composite number?
True
Is 1172393 prime?
True
Is 370471 composite?
False
Is 17551 composite?
False
Is 485989 a composite number?
True
Is 72951 composite?
True
Is 291853 a prime number?
True
Is 258397 prime?
False
Is 182401 composite?
True
Is 13777 composite?
True
Is 6119 composite?
True
Is 329026 prime?
False
Is 35339 a composite number?
False
Is 187049 composite?
False
Is 142297 a composite number?
False
Is 16301 composite?
False
Is 230899 composite?
True
Is 93569 a prime number?
False
Is 419 prime?
True
Is 62773 a composite number?
False
Is 134581 composite?
False
Is 1714 prime?
False
Is 22433 a composite number?
False
Is 41141 a composite number?
False
Is 278843 a prime number?
True
Is 105091 composite?
True
Is 331087 a prime number?
False
Is 56197 prime?
True
Is 11735 a composite number?
True
Is 343019 a prime number?
True
Is 1649 a prime number?
False
Is 4441 composite?
False
Is 34123 composite?
False
Is 53681 composite?
False
Is 100733 a composite number?
False
Is 807239 a prime number?
False
Is 141793 prime?
True
Is 1007 prime?
False
Is 38869 a composite number?
True
Is 256423 composite?
False
Is 1193 composite?
False
Is 14813 composite?
False
Is 29221 a prime number?
True
Is 82762 a prime number?
False
Is 110527 a prime number?
True
Is 64145 a prime number?
False
Is 409 a composite number?
False
Is 1303651 a prime number?
False
Is 3777 composite?
True
Is 825817 a composite number?
True
Is 138707 prime?
False
Is 88589 a prime number?
True
Is 219911 a composite number?
False
Is 330929 a composite number?
True
Is 3147 a prime number?
False
Is 542649 a composite number?
True
Is 31453 prime?
False
Is 4717 a prime number?
False
Is 201203 a prime number?
True
Is 286007 composite?
True
Is 190769 a composite number?
False
Is 17647 a composite number?
True
Is 71342 a composite number?
True
Is 7538153 a composite number?
True
Is 6143 a composite number?
False
Is 12539 a prime number?
True
Is 12347 a composite number?
False
Is 194 composite?
True
Is 35251 a composite number?
False
Is 297953 composite?
False
Is 103613 a composite number?
False
Is 345367 a prime number?
False
Is 28163 composite?
False
Is 53401 composite?
False
Is 336983 a composite number?
False
Is 8147 a prime number?
True
Is 145753 prime?
True
Is 169307 composite?
False
Is 6287 composite?
False
Is 45651 prime?
False
Is 152657 a prime number?
True
Is 3953 prime?
False
Is 54721 a prime number?
True
Is 2942 prime?
False
Is 305455 prime?
False
Is 174487 a prime number?
True
Is 121883 a composite number?
False
Is 88547 a prime number?
True
Is 105199 composite?
False
Is 641287 composite?
False
Is 21719 composite?
True
Is 107773 prime?
True
Is 2159 a prime number?
False
Is 76667 a prime number?
True
Is 20707 composite?
False
Is 255557 a prime number?
False
Is 10219 a prime number?
False
Is 23365 a composite number?
True
Is 2719 prime?
True
Is 4369 prime?
False
Is 1079867 prime?
True
Is 64747 composite?
False
Is 283523 a composite number?
True
Is 26449 composite?
False
Is 2479 a composite number?
True
Is 1009 composite?
False
Is 99521 composite?
True
Is 637139 a composite number?
False
Is 45277 a composite number?
True
Is 628319 prime?
True
Is 540989 composite?
False
Is 16877 a composite number?
True
Is 189277 a prime number?
False
Is 10133 composite?
False
Is 41539 a prime number?
True
Is 667671 a prime number?
False
Is 3943 a composite number?
False
Is 69089 a prime number?
False
Is 972817 composite?
True
Is 135077 a prime number?
True
Is 39289 a prime number?
False
Is 12187 a composite number?
True
Is 2281 a prime number?
True
Is 142733 prime?
True
Is 16999 prime?
False
Is 17002 prime?
False
Is 15891 composite?
True
Is 31139 a prime number?
True
Is 36913 a composite number?
False
Is 65 a prime number?
False
Is 799 prime?
False
Is 94463 composite?
False
Is 1192453 prime?
True
Is 3061 a prime number?
True
Is 225323 a composite number?
True
Is 10739 a composite number?
False
Is 17042 a composite number?
True
Is 922601 composite?
False
Is 14243 a composite number?
False
Is 9127 prime?
True
Is 28921 a prime number?
True
Is 42041 a composite